 44*w - 87. Calculate the remainder when 458 is divided by f(2).
16
Let v = 7319 - 6505. Calculate the remainder when v is divided by 71.
33
Let k(a) = 2*a**2 - 60*a + 124. What is the remainder when 72 is divided by k(28)?
0
Suppose -20 = 6*x + 538. Let p = x - -167. Calculate the remainder when 368 is divided by p.
72
Let i(r) = -1173*r - 8208. Calculate the remainder when 166/1 + 6/(-2) is divided by i(-7).
1
Suppose 2*n - 3754 = -3*z, 11*z - 6254 = 6*z - 4*n. Calculate the remainder when z is divided by 37.
33
Let w(p) = -5*p**3 + p**2 + 4*p + 3. Let n be w(-1). Suppose 0 = -n*l - 32*l + 37. What is the remainder when 1 is divided by l?
0
Suppose 10*l - 31 - 19 = 0. Let s(j) = 2*j**3 - 12*j**2 + 12*j - 4. Calculate the remainder when 10 is divided by s(l).
4
Let k = 17 + -14. Suppose k*g - 5*b - 57 = -g, -2*g + 22 = 4*b. Suppose -4*m = -3*m - 23. What is the remainder when m is divided by g?
10
Suppose 3*h + 10 - 73 = 0. Suppose -2*m + 8 = -i, -3*m = 4*i - 0 - 23. Suppose -9*f = i*f - 44. Calculate the remainder when h is divided by f.
1
Let u(w) = 59*w + 20. Let h be u(3). Let p = h - 63. Let c = -45 + p. Calculate the remainder when c is divided by 30.
29
Suppose -3*z - 346 - 168 = -2*n, -5*z - 30 = 0. Calculate the remainder when n is divided by 53.
36
Let s(y) = y**3 - 5*y**2 - 88*y + 143. Calculate the remainder when s(15) is divided by 47.
39
Let a be ((-18)/4)/(3/(-4)). Let q(h) = -34*h + 27. Let o be q(-7). Suppose a*k = 11*k - o. What is the remainder when k is divided by 11?
9
Let o(s) = s**2 + 12*s + 14. Let f be o(-11). Suppose -3*u + 272 = -2*a - 9, 0 = 3*u + 4*a - 293. Calculate the remainder when u is divided by 75/f - 3 - -2.
23
Let v(r) = 3*r**2 + 26*r - 27. Let h(d) = -3*d**2 - 27*d + 27. Let j(k) = -3*h(k) - 2*v(k). Calculate the remainder when 111 is divided by j(-12).
54
Let c = 4661 + -4643. Calculate the remainder when 30 is divided by c.
12
Suppose 27*i - 28*i - 332 = 0. Let h = -54 - i. What is the remainder when h is divided by 28?
26
Let h(d) = -d**2 - 7*d - 5. Suppose 6*o = 12*o - 252. Suppose 4*u - o - 30 = 0. Calculate the remainder when u is divided by h(-5).
3
Suppose -s = -4*q + 120 + 177, 3*q - s - 224 = 0. Let a(c) = -2*c**3 - 170*c**2 + 3*c + 268. Calculate the remainder when q is divided by a(-85).
8
Suppose -99*j + 90*j + 117 = 0. Suppose -c = -0*c - 3. Suppose 5*p = -3*z - 11, z + c*p = -0*p - 9. What is the remainder when j is divided by z?
1
Suppose -11*w - 1133 = 803. Let v = w + 184. What is the remainder when 62 is divided by v?
6
Calculate the remainder when 6809 is divided by (4 + (-4550)/3 - -4)*(-27)/18.
20
Let w = 12 - -141. Calculate the remainder when (102/w)/(4/90) is divided by 5.
0
Let v(w) = -87*w**3 + w**2 - 22*w - 24. What is the remainder when 167 is divided by v(-1)?
81
Let i(s) = 190*s**2 + 12*s + 12. What is the remainder when i(-1) is divided by 6?
4
Let x = 14663 - 14643. What is the remainder when 7268 is divided by x?
8
Let o = -103 + 167. What is the remainder when o is divided by (3 + -6 + 4)*(0 + 11)?
9
Let b be (-29)/5 - 5/(-100)*-4. What is the remainder when 132 is divided by 3*((-2)/b - -6)?
18
Let o(m) = m**2 - 38*m + 143. Let l be o(37). Suppose l - 155 = -7*c. What is the remainder when 9 is divided by c?
2
Suppose w + 2 = 0, 4*r + 5*w - 9867 + 1625 = 0. What is the remainder when r is divided by 65?
48
Let n(f) = 88*f**2 - f + 1. What is the remainder when n(1) is divided by (744/(-20))/3*1395/(-558)?
26
Let j(y) = -1322*y - 3274. Calculate the remainder when 2077 is divided by j(-3).
1
Suppose 69*q - 38*q = -42*q + 132787. What is the remainder when q is divided by 26?
25
Let b = 2218 - 941. Calculate the remainder when b is divided by 77.
45
Let t be (-10 - -2)/((-8)/212). Suppose -3 = -3*c, -4*p + t = 4*c - 28. Let w = -8 - -23. Calculate the remainder when p is divided by w.
14
Let c(n) = n**2 - 13*n + 46. Let o be (-15)/(-2)*(-4)/(-6). Suppose -3*r - k + 80 = -20, o*k = -4*r + 115. What is the remainder when r is divided by c(5)?
5
Suppose -i - n = -149, 4*i - 356 = n + 240. What is the remainder when 1483 is divided by i?
142
Calculate the remainder when (599/(-2))/((-1)/(1 - (-8)/8)) is divided by 42.
11
Suppose 78 + 8 = 2*u. Let t = 694 - 1114. Calculate the remainder when ((-21)/(t/(-656)))/(4/(-10)) is divided by u.
39
Let q(w) = w**3 + 12*w**2 + 13*w + 27. Let z be q(-11). Suppose 0*n - 5*n = 0. Suppose n = z*t - 6*t + 99. Calculate the remainder when t is divided by 25.
24
Let s(z) = -15*z + 44. Let m be s(-2). Suppose m = 2*u - 2*o + o, 0 = u + 3*o - 30. Calculate the remainder when 251 is divided by u.
35
What is the remainder when -375*(8 - (-140)/(-15)) is divided by 4?
0
Let z = 207 + -393. Let v = -171 - z. What is the remainder when 134 is divided by v?
14
Suppose 0 = 2*t - 5*j - 23, -j = -4*t + 5*t - 1. Suppose -4*u - 5 = 3, 2*u + 644 = t*p. What is the remainder when p is divided by 56?
48
Let a = 91 - 45. Suppose 3*i = a - 16. Suppose i*l - 11*l = -18. Calculate the remainder when 69 is divided by l.
15
Let r = -151 + 154. Suppose 26 = -r*v + 17, 4*z = -5*v + 93. Let n(f) = f**2 - 7*f + 7. Calculate the remainder when n(11) is divided by z.
24
Suppose 9*s = 46 + 134. Suppose -53*k = -49*k - s. Suppose 3*j + k*j = 280. What is the remainder when 137 is divided by j?
32
Let t(x) = -60*x + 108. Let a be t(-7). Calculate the remainder when 221 is divided by a/14 - 7*22/(-539).
31
Suppose 26 - 86 = -3*p - 4*r, 5*r = -5*p + 95. Calculate the remainder when 1623 is divided by p.
7
Suppose 23*a = 30*a - 448. Let p(t) = -t**2 - 10*t + 6. Let j be p(-8). Suppose 0*x - x = -j. What is the remainder when a is divided by x?
20
What is the remainder when ((-980)/(-40) - 24)*834 is divided by 66?
21
Let m = -4878 - -5440. What is the remainder when m is divided by 14?
2
Let c = 190 - 186. Calculate the remainder when -1 - (-3 + 272/c)*-1 is divided by 11.
9
Let v be (-7*24/(-210))/((-2)/1070). Let f = v + 472. What is the remainder when f is divided by 5?
4
Let p(l) = -2*l**2 - 3*l + 6. Let x be p(0). Let t be x/(-8) - 525/84. Let a = t + 10. Calculate the remainder when 8 is divided by a.
2
What is the remainder when 1104 is divided by (-8109)/(-66) + (-183)/(-1342)?
120
Let h(o) = 146*o**2 + 286*o + 288. Calculate the remainder when 877 is divided by h(-1).
137
Let m = -91 + 154. Suppose 15*b - 318 = -m. What is the remainder when 49 is divided by b?
15
Suppose -7 - 13 = -5*d, 4*d = -2*m + 14. Calculate the remainder when ((-5)/15)/(m/195) is divided by 17.
14
Suppose -112*n - 79 = -62*n - 579. What is the remainder when (1*199)/((-5)/(-5)) is divided by n?
9
Suppose -x + 2*t + 23 = -3*t, -x + 15 = -3*t. Let w be 2*44 + (-12)/x. Suppose -5*n - v + w = 0, v + 3*v = -4. Calculate the remainder when 66 is divided by n.
15
Let b = 2474 - 2406. What is the remainder when 198 is divided by b?
62
What is the remainder when 30 - (-3276)/(-112) - ((-11537)/4 - 2) is divided by 27?
25
Let a = -433 - -627. Let s = a + -162. What is the remainder when 158 is divided by s?
30
Suppose -480 = -12*s + 8*s. Suppose -14*c - s = -2*c. Let h = 53 + c. What is the remainder when h is divided by 27?
16
Let l = -44 + 150. Let a = 104 - 88. Calculate the remainder when l is divided by a.
10
Let m be 2/12 - (-1 - 8988/72). Suppose -m - 108 = -9*r. What is the remainder when r is divided by 9?
8
What is the remainder when 117 is divided by 9 + 190/(-10) - -35?
17
Let p = -173 + 175. Suppose 7 = -p*h + 11. Let r(k) = 2*k**2 - 5*k - 2. Calculate the remainder when r(4) is divided by h.
0
Let k(u) = 28*u - 187. Suppose -n - 16 = 5*g, -7*n + 5*n + g + 23 = 0. Calculate the remainder when k(n) is divided by 8.
1
Let a(m) = 2*m**3 - 6*m - 5. Let s be a(-4). Let n = s - -220. Calculate the remainder when n is divided by 28.
27
Suppose -3*l - 138 = -5*k + 552, 3*l + 690 = -2*k. Let q = l - -257. Calculate the remainder when 51 is divided by q.
24
Let b = -15 - -49. What is the remainder when b is divided by 0 + ((111 + -11)/10 - 1)?
7
Let i = 4639 + -4624. Calculate the remainder when 154 is divided by i.
4
Let n(x) = x - 4. Let b be n(7). Suppose 2*z - b*f - 4 = 0, -8*z - 4*f = -13*z + 10. What is the remainder when 22 is divided by z?
0
Let t(c) = -14*c - 35. Let p(j) = j**3 + 8*j**